it of 25203030?
0
What is the millions digit of 664492624?
4
What is the ten millions digit of 1582921008?
8
What is the tens digit of 97322066?
6
What is the millions digit of 14794125?
4
What is the hundreds digit of 495234?
2
What is the hundred thousands digit of 78309591?
3
What is the hundred millions digit of 418260315?
4
What is the hundred thousands digit of 972529789?
5
What is the thousands digit of 59942118?
2
What is the hundred thousands digit of 1105193509?
1
What is the thousands digit of 414556215?
6
What is the hundred millions digit of 1391609347?
3
What is the thousands digit of 385318218?
8
What is the units digit of 190504396?
6
What is the hundreds digit of 1086422265?
2
What is the hundred thousands digit of 106073176?
0
What is the hundreds digit of 2477232489?
4
What is the tens digit of 478387?
8
What is the ten thousands digit of 3243064571?
6
What is the ten millions digit of 255869624?
5
What is the hundreds digit of 4647072364?
3
What is the ten millions digit of 3440485781?
4
What is the hundred millions digit of 366896790?
3
What is the hundred millions digit of 2242671713?
2
What is the ten millions digit of 4427539705?
2
What is the thousands digit of 1676170484?
0
What is the units digit of 802968029?
9
What is the hundred millions digit of 228841366?
2
What is the ten thousands digit of 932457538?
5
What is the ten thousands digit of 112965854?
6
What is the thousands digit of 73536758?
6
What is the thousands digit of 53882277?
2
What is the hundred millions digit of 2097457452?
0
What is the hundred millions digit of 4692583529?
6
What is the ten thousands digit of 42006592?
0
What is the tens digit of 727017241?
4
What is the ten thousands digit of 85334378?
3
What is the ten millions digit of 347208067?
4
What is the ten thousands digit of 100671986?
7
What is the units digit of 1358829829?
9
What is the millions digit of 331694410?
1
What is the ten thousands digit of 26029973?
2
What is the thousands digit of 81796320?
6
What is the millions digit of 2386740?
2
What is the ten millions digit of 355907740?
5
What is the hundred thousands digit of 40141026?
1
What is the ten millions digit of 100468108?
0
What is the tens digit of 2549508437?
3
What is the millions digit of 20404421?
0
What is the ten thousands digit of 334354917?
5
What is the thousands digit of 2358938011?
8
What is the hundred thousands digit of 3834518437?
5
What is the millions digit of 1229258774?
9
What is the units digit of 138076852?
2
What is the ten millions digit of 39362577?
3
What is the ten thousands digit of 598811728?
1
What is the units digit of 2668074677?
7
What is the tens digit of 131231131?
3
What is the thousands digit of 843479612?
9
What is the ten thousands digit of 148099980?
9
What is the billions digit of 1093060112?
1
What is the hundred thousands digit of 1348298362?
2
What is the hundreds digit of 228633507?
5
What is the hundreds digit of 1783140555?
5
What is the units digit of 20535744?
4
What is the units digit of 1484927684?
4
What is the thousands digit of 578909471?
9
What is the units digit of 68726892?
2
What is the units digit of 426919135?
5
What is the units digit of 38537933?
3
What is the units digit of 49708749?
9
What is the hundred thousands digit of 373869102?
8
What is the tens digit of 237690204?
0
What is the hundreds digit of 32633986?
9
What is the units digit of 25689350?
0
What is the hundreds digit of 27853213?
2
What is the millions digit of 184541880?
4
What is the millions digit of 1448031992?
8
What is the tens digit of 254789670?
7
What is the millions digit of 31927525?
1
What is the hundreds digit of 60625930?
9
What is the ten thousands digit of 542255024?
5
What is the tens digit of 147325765?
6
What is the thousands digit of 45969482?
9
What is the millions digit of 1584570340?
4
What is the ten millions digit of 141687492?
4
What is the thousands digit of 15713785?
3
What is the tens digit of 645695421?
2
What is the tens digit of 95517943?
4
What is the ten millions digit of 175185523?
7
What is the hundred thousands digit of 128523691?
5
What is the hundreds digit of 1050570075?
0
What is the hundreds digit of 523273661?
6
What is the thousands digit of 207998312?
8
What is the ten thousands digit of 54538657?
3
What is the ten millions digit of 949436015?
4
What is the ten millions digit of 249556239?
4
What is the units digit of 1368200046?
6
What is the ten thousands digit of 822421373?
2
What is the hundred thousands digit of 101335285?
3
What is the millions digit of 146224448?
6
What is the hundreds digit of 59667698?
6
What is the ten thousands digit of 1718087877?
8
What is the hundred millions digit of 546500103?
5
What is the hundred millions digit of 1622754542?
6
What is the ten thousands digit of 110753825?
5
What is the ten thousands digit of 268318563?
1
What is the hundred millions digit of 2587124337?
5
What is the thousands digit of 5948913792?
3
What is the hundred thousands digit of 147082156?
0
What is the millions digit of 117840434?
7
What is the millions digit of 48490544?
8
What is the hundred millions digit of 2536873472?
5
What is the hundred thousands digit of 95177029?
1
What is the ten millions digit of 688214391?
8
What is the hundred millions digit of 295882067?
2
What is the units digit of 261077455?
5
What is the ten thousands digit of 34933349?
3
What is the thousands digit of 314859145?
9
What is the units digit of 4604172001?
1
What is the tens digit of 21584277?
7
What is the billions digit of 1505954577?
1
What is the ten millions digit of 1153710477?
5
What is the tens digit of 347309892?
9
What is the hundreds digit of 71355627?
6
What is the ten thousands digit of 5997888251?
8
What is the thousands digit of 234299822?
9
What is the tens digit of 4506765197?
9
What is the thousands digit of 415971473?
1
What is the hundreds digit of 649109274?
2
What is the millions digit of 304918320?
4
What is the hundreds digit of 850278270?
2
What is the hundreds digit of 1249050332?
3
What is the millions digit of 327340380?
7
What is the ten thousands digit of 772748622?
4
What is the units digit of 40424851?
1
What is the units digit of 944036073?
3
What is the hundreds digit of 4669959381?
3
What is the ten millions digit of 828341171?
2
What is the ten millions digit of 1894728247?
9
What is the hundred thousands digit of 3919601771?
6
What is the thousands digit of 1855551687?
1
What is the ten millions digit of 1423106368?
2
What is the hundreds digit of 188651337?
3
What is the hundred millions digit of 575212629?
5
What is the ten thousands digit of 1595035597?
3
What is the hundred thousands digit of 9634420?
6
What is the hundreds digit of 247959498?
4
What is the thousands digit of 87734462?
4
What is the ten thousands digit of 190257067?
5
What is the hundred thousands digit of 4564767984?
7
What is the hundred thousands digit of 134279456?
2
What is the ten thousands digit of 483909326?
0
What is the ten thousands digit of 325981957?
8
What is the units digit of 249855602?
2
What is the ten millions digit of 11395698?
1
What is the hundred thousands digit of 20592453?
5
What is the hundred millions digit of 776381955?
7
What is the units digit of 45190349?
9
What is the hundred millions digit of 153025447?
1
What is the thousands digit of 58429796?
9
What is the hundreds digit of 50900995?
9
What is the ten millions digit of 2249037551?
4
What is the hundred millions digit of 2423928574?
4
What is the units digit of 3815322047?
7
What is the hundreds digit of 116020194?
1
What is the units digit of 887852?
2
What is the millions digit of 1551699467?
1
What is the units digit of 30150788?
8
What is the tens digit of 1454789731?
3
What is the ten thousands digit of 3917408714?
0
What is the thousands digit of 50138077?
8
What is the hundred millions digit of 3355461683?
3
What is the tens digit of 106502595?
9
What is the tens digit of 3616121959?
5
What is the hundred millions digit of 444964795?
4
What is the millions digit of 50987314?
0
What is the hundreds digit of 34624257?
2
What is the ten thousands digit of 553153040?
5
What is the tens digit of 638733764?
6
What is the ten thousands digit of 434604957?
0
What i